69
What is the greatest common divisor of 5912 and 59859?
739
What is the highest common divisor of 3470 and 2770?
10
Calculate the greatest common factor of 135 and 125535.
15
What is the greatest common divisor of 627000 and 12?
12
What is the highest common factor of 2136 and 1321917?
267
What is the highest common divisor of 90416 and 192?
16
What is the greatest common factor of 105 and 288510?
15
What is the greatest common divisor of 11 and 17699?
11
Calculate the highest common factor of 39 and 547807.
13
What is the highest common factor of 760 and 373844?
76
What is the greatest common factor of 9463811 and 49?
49
What is the highest common divisor of 36208 and 10478?
62
Calculate the highest common divisor of 143 and 110.
11
Calculate the greatest common factor of 463 and 7263081.
463
Calculate the highest common factor of 3784 and 7052.
172
Calculate the greatest common divisor of 1258 and 21522.
34
What is the greatest common divisor of 16344 and 5976?
72
Calculate the greatest common factor of 1871178 and 4.
2
What is the greatest common divisor of 2688 and 4011?
21
Calculate the highest common factor of 100 and 57380.
20
Calculate the highest common factor of 175763 and 289.
17
What is the greatest common factor of 39464 and 32?
8
Calculate the greatest common divisor of 41683 and 7423.
571
What is the greatest common divisor of 2805 and 26605?
85
Calculate the greatest common divisor of 34 and 46954.
34
Calculate the highest common factor of 29904 and 25098.
534
What is the highest common divisor of 675054 and 6482?
926
What is the greatest common factor of 172 and 165722?
86
Calculate the greatest common factor of 17568 and 6192.
144
Calculate the highest common factor of 640 and 914240.
320
What is the greatest common divisor of 11747 and 85?
17
What is the greatest common divisor of 63724 and 1790?
358
Calculate the greatest common divisor of 430 and 246.
2
What is the greatest common factor of 64 and 67888?
16
What is the highest common divisor of 464565 and 30?
15
Calculate the greatest common divisor of 5 and 37020.
5
Calculate the highest common divisor of 1332 and 227106.
666
Calculate the highest common factor of 847 and 121737.
77
What is the highest common factor of 253 and 532312?
253
What is the greatest common factor of 190584 and 48?
24
What is the highest common divisor of 772 and 342382?
386
Calculate the greatest common divisor of 76671 and 18.
9
Calculate the greatest common factor of 2287007 and 296.
37
What is the highest common divisor of 23814 and 437157?
1701
What is the highest common factor of 119051 and 9588?
799
Calculate the greatest common divisor of 13168226 and 37.
37
Calculate the greatest common factor of 8257 and 23.
23
Calculate the highest common divisor of 3 and 171861.
3
Calculate the greatest common divisor of 6320 and 39895.
395
What is the greatest common divisor of 1602 and 13799628?
1602
What is the greatest common factor of 350568 and 8?
8
What is the greatest common factor of 320 and 20380?
20
What is the greatest common factor of 1464 and 3403068?
732
What is the highest common divisor of 4084655 and 335?
335
What is the highest common divisor of 7811044 and 457?
457
What is the highest common factor of 276 and 1483684?
92
What is the highest common factor of 108 and 1156?
4
What is the greatest common divisor of 21 and 273?
21
Calculate the greatest common factor of 17776 and 69488.
1616
What is the highest common divisor of 334 and 19422434?
334
Calculate the highest common divisor of 1996 and 64.
4
What is the highest common divisor of 2927601 and 138?
69
Calculate the greatest common factor of 114 and 14269.
19
Calculate the greatest common divisor of 5842 and 2484.
46
What is the highest common factor of 370 and 39460?
10
Calculate the greatest common factor of 24 and 213582.
6
What is the highest common divisor of 18850 and 8000?
50
What is the highest common divisor of 74 and 254?
2
What is the highest common divisor of 803 and 245353?
73
Calculate the greatest common divisor of 30 and 2661300.
30
Calculate the highest common divisor of 786 and 1038568.
262
Calculate the greatest common factor of 4360917 and 22.
11
What is the highest common factor of 172318 and 1073?
29
Calculate the highest common divisor of 2531 and 2.
1
What is the greatest common divisor of 111978 and 90?
18
What is the greatest common factor of 308 and 86933?
77
What is the greatest common divisor of 169340 and 580?
20
Calculate the greatest common divisor of 2698 and 4970.
142
What is the greatest common divisor of 5475 and 150?
75
Calculate the greatest common factor of 32683 and 145.
29
Calculate the highest common factor of 1008428 and 1180.
236
Calculate the greatest common factor of 564337 and 103.
103
What is the greatest common divisor of 882 and 35574?
294
What is the highest common divisor of 370 and 690605?
185
What is the greatest common divisor of 19 and 202141?
19
What is the greatest common factor of 1040 and 27144?
104
What is the greatest common divisor of 36 and 759?
3
Calculate the highest common divisor of 300 and 30620.
20
Calculate the greatest common factor of 899442 and 9807.
1401
Calculate the highest common factor of 36302 and 14.
14
What is the highest common divisor of 5013200 and 100?
100
Calculate the highest common divisor of 5831 and 4508.
49
Calculate the highest common factor of 1580 and 14536.
316
What is the highest common factor of 8203 and 4745?
13
Calculate the greatest common divisor of 4074 and 119.
7
Calculate the highest common divisor of 501 and 321.
3
What is the greatest common divisor of 740 and 160210?
370
Calculate the greatest common divisor of 3168 and 16368.
528
What is the highest common factor of 655 and 181435?
655
Calculate the highest common divisor of 1389 and 117.
3
Calculate the greatest common factor of 7 and 14959.
7
Calculate the greatest common factor of 374 and 6613.
17
Calculate the greatest common divisor of 122 and 1505114.
122
What is the greatest common factor of 2184 and 3080?
56
What is the greatest common factor of 1560 and 412490?
130
What is the highest common divisor of 4641 and 2907?
51
What is the greatest common divisor of 105 and 17045?
35
Calculate the highest common factor of 8022946 and 51.
17
Calculate the greatest common factor of 1156 and 69938.
578
What is the greatest common divisor of 43561 and 5488?
343
What is the highest common factor of 1719 and 24448?
191
Calculate the highest common divisor of 5307 and 38889.
87
Calculate the greatest common factor of 7158 and 144.
6
What is the greatest common factor of 11664 and 27864?
648
Calculate the highest common factor of 490933 and 995.
199
Calculate the greatest common factor of 903 and 33927.
129
What is the greatest common divisor of 75 and 64725?
75
Calculate the greatest common factor of 48174 and 999.
111
What is the greatest common divisor of 1517 and 12?
1
Calculate the highest common factor of 10088 and 182.
26
Calculate the highest common divisor of 116565 and 10089.
57
Calculate the greatest common divisor of 23630 and 170.
170
What is the greatest common divisor of 4 and 12674?
2
What is the greatest common divisor of 159709 and 44?
11
Calculate the highest common divisor of 36 and 35298.
18
What is the greatest common factor of 90 and 69219?
9
Calculate the highest common divisor of 45600 and 57.
57
What is the highest common divisor of 4564688 and 248?
248
Calculate the highest common factor of 74400 and 558.
186
Calculate the greatest common factor of 2982229 and 61.
61
What is the greatest common factor of 14 and 30226?
14
What is the highest common divisor of 519827 and 43?
43
What is the highest common divisor of 1134 and 4760?
14
What is the greatest common divisor of 1148 and 217300?
164
What is the highest common divisor of 822630 and 30?
30
What is the highest common factor of 10375 and 15475?
25
Calculate the highest common factor of 1342278 and 1484.
742
Calculate the greatest common factor of 860 and 3053.
43
Calculate the highest common divisor of 3108 and 100898.
14
Calculate the greatest common factor of 540313 and 109.
109
Calculate the highest common divisor of 76 and 184148.
76
Calculate the greatest common factor of 504 and 166950